) = 2*l**3 + 17*l**2 + 15*l - 7. Let i(s) = s**3 + 9*s**2 + 8*s - 4. Let r(g) = 5*i(g) - 3*p(g). What is r(-5)?
1
Suppose 2*c + 5*i = 16, -7*i = 5*c - 3*i - 74. Suppose 6 = 3*k + c. Let m(p) = -4 + p - 4*p + 2 - p**2. Give m(k).
-6
Let n = 2 - -1. Suppose -2*j - 50 = n*j - 3*m, m - 40 = 4*j. Let o = j + 16. Let y(x) = x - 8. Give y(o).
-2
Let n = 7 - 8. Suppose 0 = -4*s + 3 + 5. Let f(x) = s*x - 3 + 2 - 5*x. What is f(n)?
2
Suppose 0 = -b - 0*b - 5. Let z(w) = -3*w**3 + 5*w**2 + w + 2. Let c(s) = 2*s**3 - 5*s**2 - s - 2. Let g(m) = -4*c(m) - 3*z(m). Calculate g(b).
-3
Let z(c) = -c**3 + 5*c**2. Let d be (-10 - -7) + 1 + 7. Calculate z(d).
0
Let l(p) = p**2 - 6*p - 5. Suppose 3*r - 95 = -29. Suppose -3*z - 45 = -5*j - 9, -5*j = 4*z - r. Calculate l(j).
-5
Let p = -13 + 9. Let s be p*(15/(-6) + 1). Let c(t) be the third derivative of -t**4/12 + 3*t**3/2 + t**2. Calculate c(s).
-3
Let x(r) = -r - 13 + 0*r + 6. Determine x(-9).
2
Let o(l) be the second derivative of -l**4/12 - 7*l**3/6 - 4*l**2 + 11*l. Calculate o(-7).
-8
Suppose 4*o - 5 = 5*h, -3 - 8 = -2*h - o. Let l(j) = -j. Let n be l(-1). Suppose -h*t + 2 = -n. Let f(r) = -6*r**2 + r. What is f(t)?
-5
Let g(u) be the first derivative of -u**4/12 + u**3/2 - u**2 - 3. Let v(y) be the second derivative of g(y). Determine v(2).
-1
Let j(v) = -2*v - 3 + v**2 - 5 + 11. Let m be 8/(-12)*(0 - 3). What is j(m)?
3
Let c(d) = -22*d + 3*d**2 + 14 + 23*d - 6*d**2 + 2*d**2. Give c(0).
14
Let a(r) = 2*r - 5. Let y = 279 - 194. Suppose 2*j = -5*u + 55, 0 = -3*j - j - 5*u + y. Suppose -3*g = -2*m - 8 - 7, -j = -3*g + 3*m. Calculate a(g).
5
Let j = -8 - -10. Suppose 0 = -j*b - 4*k - 0*k - 10, -4*b - k = 6. Let q(x) = 3*x**3 - 1. Determine q(b).
-4
Let n(o) = o**3 + 3*o**2 - 5*o + 2. Let j(s) = -2*s + 17. Let u be j(8). Let k(p) = p**3 - p. Let d(r) = u*n(r) - 2*k(r). Determine d(2).
0
Let h(o) = 2*o**2 - 2*o - 3. Let s(c) = -c. Let w(x) = -h(x) + s(x). Give w(-3).
-18
Let d(u) = u**3 - 5*u**2 + 4*u. Suppose 59*v - 24 = 51*v. Give d(v).
-6
Let a(g) be the second derivative of 1/3*g**3 + g**2 - 2*g + 0 + 1/24*g**4. Let v(k) be the first derivative of a(k). Calculate v(-5).
-3
Let m(q) = -166 + 74 + 85 - 3*q + 2*q**2 - q**2. What is m(5)?
3
Let n(r) = 0*r + 3430*r**2 - 2*r - 3425*r**2 - r**3. Suppose 4*a - 12 = -0. What is n(a)?
12
Let j(q) = -q**2 + 11*q - 4. Let a(u) = -u**3 - 6*u**2 + 3*u + 1. Let n be a(-6). Let v = 27 + n. Let f be j(v). Let o(l) = -l + 2. Determine o(f).
-4
Let u(k) = -k - 2*k + 3 + 2*k. Suppose 2*o + 3*o - 8 = 4*r, 0 = -o + 2*r - 2. Let q be u(o). Let f(y) = -9*y + 1. What is f(q)?
10
Let x = 88 + -84. Let g(i) = i**2 - 4*i. Determine g(x).
0
Let d(v) be the third derivative of -2/3*v**3 + 0*v + 1/24*v**4 + 0 + 5*v**2. Calculate d(6).
2
Let d(k) = 13 - 2*k + 4*k - k - 7. What is d(-6)?
0
Let f(l) = l**2 - 1. Let u(w) = 3*w**2 - 3. Let s be 6/(-10) + 4/(-10). Let v(o) = s*u(o) + 2*f(o). Determine v(-2).
-3
Suppose 4*c = 6*c + 14. Let g = c - -4. Let r(q) be the third derivative of -q**6/120 - q**5/12 - q**4/8 + q**3/3 - q**2. Calculate r(g).
-7
Let p(i) = 3*i. Let l(z) = 13*z. Let c(w) = 2*l(w) - 9*p(w). Let u(r) = -7*r + 1. Let j = -8 - -3. Let d(h) = j*c(h) - u(h). Determine d(1).
11
Let f(n) = -n**3 + 5*n**2 + 1. Let g be f(5). Let h(c) = 5*c - c - c - g - 2*c. Give h(-2).
-3
Let k(t) = -t**3 + t**2 + 4*t - 3. Let d be (-2)/4 - (-51)/6. Let r(h) = h - 6. Let q be r(d). Give k(q).
1
Let g(b) = -b**2 + 65*b - 31*b - 5 - 28*b + 0. Let p = 7 + -1. Let w be 4/p - 20/(-6). Determine g(w).
3
Let a(z) = z**2 - z - 7. Let u be (0 - 4 - -4)*-1. Give a(u).
-7
Let d(u) = u**2 - 2*u - 1. Let v = -22 - -26. Calculate d(v).
7
Let v(u) = -3*u - 3 - 7 + 9. Give v(1).
-4
Let u be -1*2*(-1 - -2). Let k be 3/5 + 2/5. Let o(p) = 1 + 2*p - k + 1 + 2*p. Calculate o(u).
-7
Let i(t) = -t - 3. Let m(x) = -x**2 - 12*x + 22. Let v be m(-14). What is i(v)?
3
Let x be (3 - -1) + 0 + 0. Let j(b) be the second derivative of b**3/3 - 3*b**2 - 2*b. Give j(x).
2
Suppose 2*j - 4 = -0. Let n(x) = x**2. Let k(y) = 4*y**3 - 3*y**2 + y + 1. Let g(p) = j*n(p) + k(p). Suppose 0*m = 2*m + 2. Determine g(m).
-5
Let x(y) = y**3 + 19*y**2 - y - 6. Let f(n) = 3*n**3 + 55*n**2 - 3*n - 17. Let c(h) = 6*f(h) - 17*x(h). Determine c(-7).
7
Let h(b) = -b**3 - b**2 - 3. Let k be h(0). Let u(y) be the first derivative of -4*y - 11 - 1/3*y**3 - 7/2*y**2. Calculate u(k).
8
Let v(j) = -j**2 - 7*j + 2. Suppose -3*l - 7 = 8. Determine v(l).
12
Let u(x) = -3*x + 3. Let m(g) = g**3 - 4*g**2 - 4*g - 2. Let r be m(5). Let c be (-3 - -3)/(-1) - r. Determine u(c).
12
Let s(z) = -2*z - 3. Let l = 30 - 26. Calculate s(l).
-11
Let y(o) be the first derivative of -o**3/3 + 5*o**2 - 6*o + 19. Give y(10).
-6
Let i(u) = 9*u**2. Suppose 4*y = 2*w - 56, -w - 73 = -5*w - 5*y. Let x be 33/w*(-4)/(-6). What is i(x)?
9
Let c(a) be the first derivative of -7*a**4/4 - a**3/3 - a**2/2 - a + 1. Let l = -2 - -1. What is c(l)?
6
Let n(c) = 2*c**2 - c**3 - 5*c**2 - c**2 - 4*c. Let v(y) = -y**2 + 3*y + 3. Let z be v(3). Suppose -z*s = 5 + 4. Determine n(s).
3
Suppose -4*m = 8, 2*m + 16 = 5*b - m. Let x(o) = o**2 - 2*o. Determine x(b).
0
Suppose 4*m - 4 = -0*m. Let o(j) be the first derivative of -2*j**2 - 1. Give o(m).
-4
Let g(w) = 2*w + 4. Let v(y) = -y + 1. Let x be v(4). Determine g(x).
-2
Let k(p) be the third derivative of -p**5/60 - p**4/4 - p**3/3 - 4*p**2 + 2. Determine k(-6).
-2
Let l(a) = 2 + 4*a**2 - 11*a**3 - 11*a**3 - 2*a + 21*a**3. Let p(k) = -3*k + 27. Let y be p(8). Give l(y).
5
Let j(q) = 1. Let y(f) = -f - 7. Let z(k) = -14*j(k) - 2*y(k). Let x be z(2). Let d(u) = u**2 - 7*u + 5. What is d(x)?
-7
Let d(v) be the second derivative of 11*v**3/6 + v**2/2 + 35*v. Give d(-2).
-21
Let g(p) be the second derivative of -p**3/3 - 5*p. What is g(4)?
-8
Let k be (18/(-4))/(3/4). Let o be (-6)/9 + (-16)/k. Let n(w) = -2*w + w**3 + 1 - 1. What is n(o)?
4
Let i(y) = y**3 - 7*y**2 - 3. Let q be i(7). Let a(c) = -c + 2. Give a(q).
5
Let n be (-3)/12 - (-20)/16. Let l be (n + -3 + 1)/1. Let b(z) = -6*z + 1. Calculate b(l).
7
Suppose -5*k + 3 + 2 = 0. Let v(u) be the second derivative of u**4/24 - u**3/6 - u**2/2 - 7*u. Let b(o) be the first derivative of v(o). Give b(k).
0
Let n(k) be the third derivative of k**5/60 + 2*k**3/3 + 14*k**2. What is n(3)?
13
Let k = -1 + 2. Let w(j) = -j - 1 + k. Let m = -75 + 74. What is w(m)?
1
Let n(p) be the first derivative of p**4/4 + 5*p**3/3 + 3*p**2/2 - 5*p - 16. What is n(-4)?
-1
Let o be (3 - 21/6)*2. Let d(m) be the second derivative of -3*m**5/20 - m**3/6 - m**2/2 - 3*m. Calculate d(o).
3
Let x be 2/3 + (-98)/21. Let n(p) = 1 + 5*p**2 + 3*p - 1 - 5 + p**3. Give n(x).
-1
Suppose -7 - 5 = 4*k - 5*r, 12 = 2*k + 2*r. Let b be ((1 - k)*-1)/1. Let n(l) = -2*l - 2 + 4*l + b. What is n(1)?
1
Let o = -13 - -17. Let z(k) be the third derivative of 2*k**2 - 1/24*k**o - 5/6*k**3 + 0 + 0*k. What is z(-3)?
-2
Let c(j) = -j**2 + 4*j + 1. Suppose 0 = -t - 3*m - 10, 0*m + 3*m + 9 = 0. Let x be (-25)/(-5) - t*1. Let o(y) = -y + 11. Let b be o(x). What is c(b)?
-4
Let w(f) be the third derivative of -f**5/60 + 7*f**4/24 - f**3/6 - 3*f**2. Let k be w(6). Let o(x) = -x**2 + 5*x + 6. What is o(k)?
6
Let i(k) = -k - 1. Let c be 2*(9/(-9) - 1/(-2)). What is i(c)?
0
Let u(d) = d**3 + 10*d + 1. Let b(z) = -z**3 - 12*z - 2. Let i(y) = 5*b(y) + 6*u(y). Give i(0).
-4
Let q(v) = -v**2 - 5*v - 2. Let o(h) = h**2 + 4*h + 3. Let m(j) = 3*o(j) + 4*q(j). Determine m(-8).
1
Let c be (-1)/((-3)/(45/(-5))). Let n(p) = -2*p**2 - p - 2. What is n(c)?
-17
Let j(v) = -12*v - 1. Let y be -1 - (-2 - -4)/(-1 + 0). Give j(y).
-13
Let x(k) = -7*k**2 + 3*k - 2. Let i(n) = -14*n**2 + 5*n - 3. Let m be (2 - 4)*(-3)/(-2). Let s(z) = m*i(z) + 5*x(z). Suppose -4*l + 4 + 0 = 0. What is s(l)?
6
Let g be -3*(32/12 + -3). Let s(x) = x + g + 3 - 6. What is s(-6)?
-8
Let n(q) = q + 1. Let d = 19 - -4. Suppose 4*m = -7 + d. Give n(m).
5
Let m(d) be the second derivative of -d**3/3 - 3*d**2 - d. Let s(w) = -w**3 - 4*w**2 - w + 4. Let l be s(-4). Let f be ((-20)/l)/((-1)/(-2)). Calculate m(f).
4
Let r be (12/9)/(2/6). Let p(k) = -k**3 + 3*k**2 + 2*k - 1. Let n(u) be the first derivative of u - 2. Let m(y) = -6*n(y) - p(y). Give m(r).
3
Let s = 1471/590 + 2/295. Let p(u) be the first d